What is the remainder when d is divided by -3 + 3*i/2?
17
Suppose 7*a + 25 = 2*d + 2*a, -5*d + 76 = a. Calculate the remainder when d is divided by 10.
5
Let v(i) = i**3 + 20*i**2 + 15*i - 31. Calculate the remainder when v(-19) is divided by 4.
1
Let u(g) be the second derivative of g**4/6 + 2*g**3/3 + g. What is the remainder when -2*-1*(-17)/(-2) is divided by u(-3)?
5
Let i be (1/2)/((-2)/(-20)). Let a(u) = 24*u**2 + 2*u - 2. What is the remainder when a(1) is divided by i/2*6 - 2?
11
Let i be (-10)/8 + 2/8. Let g be (i + (-1)/(-3))*-3. Suppose -3*b + 0*w + 5*w + 35 = 0, 5*b - g*w = 52. Calculate the remainder when 19 is divided by b.
9
Suppose -z + d + 159 = 4*z, 5*z + 3*d = 143. Calculate the remainder when z is divided by 7.
3
Let m(h) = h - 5. Let p be m(4). Let o = p + 8. Calculate the remainder when 19 is divided by o.
5
Let y = -31 - -37. Calculate the remainder when 17 is divided by y.
5
Calculate the remainder when 167 is divided by 45/(-6)*14*8/(-20).
41
What is the remainder when 29 is divided by 3/(9/(-12)) + 20?
13
Let s = 6 + -7. What is the remainder when (s - 4)/((-1)/5) is divided by 9?
7
Let u(j) = 2*j + 10. What is the remainder when 57 is divided by u(10)?
27
Let v(l) = -14*l - 2. What is the remainder when 35 is divided by v(-1)?
11
What is the remainder when 59 is divided by 4/(-2) - -12*(-2 - -3)?
9
Calculate the remainder when 1/(-2)*-326 + -4 is divided by 40.
39
Suppose 22*l - 473 = 11*l. Calculate the remainder when l is divided by 15.
13
Suppose 3*l - 4*j = 2*l + 94, 0 = -3*j - 6. What is the remainder when l is divided by 29?
28
Let r(g) be the second derivative of -g**4/12 + 3*g**3/2 + 7*g**2/2 + 2*g. Let y be r(8). What is the remainder when 9/y + 134/10 is divided by 8?
6
Let u(p) = 2*p - 17. Let h be u(12). Let x = h + -1. What is the remainder when 10 is divided by x?
4
Suppose -114 = -2*r - 0*r. Suppose a + 4*a - 104 = -f, -4*f = -16. What is the remainder when r is divided by a?
17
Let d be -5 - (2 + (-3)/1). Let i be (-1)/4 + (-9)/d. Let a = i - -5. Calculate the remainder when a is divided by 5.
2
What is the remainder when -15*(7/21 + 8/(-6)) is divided by (-40)/(-7) - (-2)/7?
3
Let g = -280 - -506. Calculate the remainder when g is divided by 12.
10
Let n = 2 + 2. Suppose 5*i + 2*z = 16, 3*z + 3 = 4*i + n. Let d(q) = 3*q**2 - q - 1. Calculate the remainder when d(-1) is divided by i.
1
Let j = 133 + -67. Suppose -j = -8*l + 2*l. Calculate the remainder when l is divided by 7.
4
Let c be -1 + -36 + (-2 - -4). Let v = -14 - -3. Let t = v - c. Calculate the remainder when t is divided by 13.
11
Suppose -3*w - 19 = -5*p, -p + 3*p - 8 = w. Let v(c) = 2*c**2 + 1. Calculate the remainder when p is divided by v(-1).
2
Suppose 3*u = u - 4. Let b(h) = -4*h**3 + 2*h**2 + 4*h + 3. What is the remainder when b(u) is divided by -5 - 486/(-30) - 4/(-5)?
11
Let p = -168 + 207. Calculate the remainder when p is divided by 12.
3
Suppose -5*j = 3*t - 21, -t - 6 = t. What is the remainder when 22 is divided by j?
4
Suppose -5*n - 15 + 72 = 3*z, n = -5*z + 117. What is the remainder when z is divided by (-1)/1*26/(-2)?
11
Suppose -3*f + 5*f + 3*a = 6, 4*a = 4*f - 12. Calculate the remainder when 10 is divided by f.
1
Let s(b) = b**3 + 11*b**2 - b - 5. Let k be s(-11). Suppose d + 80 = k*d. Calculate the remainder when 30 is divided by d.
14
Let n(v) = -v**2 + 25*v - 21. Calculate the remainder when n(20) is divided by 27.
25
Suppose -5 + 4 = -z. Suppose z = n - 5. Calculate the remainder when n is divided by 3.
0
Let h = -88 + 135. Suppose 11 = t + p, 5*t - 11 = -2*p + h. Suppose i = -j + 22, i + 31 - 7 = j. What is the remainder when j is divided by t?
11
Let t = 75 - 21. Calculate the remainder when t is divided by 11.
10
Suppose -26 = -5*o - 5*f + 2*f, -6 = -4*o + 5*f. Suppose l = -5*y - 4*l + 15, -5*y + o*l = -24. Calculate the remainder when 11 is divided by y.
3
Let y be -2 - 2/(6/(-27)). Let g(l) = -14 + 0*l + y + l**2 - 4*l. What is the remainder when 14 is divided by g(6)?
4
Let i be 7*(0 - (-3)/1). Let u = i + 5. Let d(k) = -k**2 - 6*k + 4. Calculate the remainder when u is divided by d(-5).
8
Suppose 0*o - 18 = -2*o. Let h(q) = q**3 + 4*q**2 + 2*q - 5. Let y be h(-5). Calculate the remainder when 36/(-15)*y/6 is divided by o.
7
Let j(i) = -i**3 - 4*i**2 - 3. Let p be j(-4). Calculate the remainder when 24 is divided by (3/2)/p*-18.
6
Suppose 0 = -5*a + 5*f + 40, -5*a - 2*f + 0*f + 19 = 0. Suppose a*i - 3 = 92. Calculate the remainder when i is divided by 5.
4
Suppose 2*o - o = -d - 1, -5*o = -5*d + 25. Suppose 0*j + d*j = 8. What is the remainder when 7 is divided by j?
3
Suppose -3*u + 112 = -209. What is the remainder when u is divided by 37?
33
What is the remainder when 19 is divided by 25/(-3)*12/(-10)?
9
Calculate the remainder when 20 is divided by (-33)/(-3)*(-2 - -3).
9
Suppose 0 = -v - 14. Let j = v - -25. Calculate the remainder when 43 is divided by j.
10
Let r(s) = 6*s**3 + 2*s**2 + s. Let g be r(-1). Let p = g - 34. What is the remainder when (-1)/((-36)/p + -1) is divided by 7?
6
Let q be 14/42 - 8/6. Let i(c) = -57*c**3 + c**2 + 3*c + 2. What is the remainder when i(q) is divided by 29?
28
Suppose -3 = -p + 16. What is the remainder when 37 is divided by p?
18
Let a be 1 + 1*(-1)/(-1). Let i(l) = 3*l**2 + l - 1. What is the remainder when 36 is divided by i(a)?
10
Let o(k) = -k**2 + 5*k. Let a be o(4). Suppose 7*h - 2*h - 4*s - 24 = 0, -2*h + 5*s = a. Calculate the remainder when 31 is divided by h.
7
Suppose -3*o + 12 = -0*o. Suppose 8*a + 5*w = 4*a - 13, a + 4*w + 17 = 0. What is the remainder when o is divided by a?
1
Let w(p) = p**2 - p - 4. Let a be w(3). Suppose y - 5 = -a. Calculate the remainder when (0 + 1)/((-2)/(-14)) is divided by y.
1
Let k = -7 + 5. What is the remainder when 3 + -1 + k + 5 is divided by 2/4 + (-6)/(-4)?
1
Let n(s) = -3*s**3 - 2*s**2 - 3*s - 2. Suppose -4*g + 0*c + 176 = 5*c, 3*g = 2*c + 109. Calculate the remainder when g is divided by n(-2).
19
Let l be ((-34)/3)/((-4)/(-6)). Let q = 25 + l. What is the remainder when 23 is divided by q?
7
Let f be -2 - 2*(4 - 0). Let k(h) = h**3 + 9*h**2 - 11*h + 7. Calculate the remainder when k(f) is divided by 5.
2
Suppose 26 + 112 = 3*o. What is the remainder when o is divided by 8?
6
Let q be 8 - (-1)/(2/4). Suppose 2 = -2*f + q. Suppose 18 = 5*p - f*p. Calculate the remainder when p is divided by 10.
8
Suppose d = 5 - 1. Suppose -z - 340 = d*z. Let i = -40 - z. Calculate the remainder when i is divided by 10.
8
Let u(z) = -z**2 - 8*z - 5. What is the remainder when u(-6) is divided by ((-24)/(-15))/((-6)/(-15))?
3
Suppose -2*c + 1 = c - i, 0 = -4*i + 20. Suppose 0 = -2*p + 4*h + 10, p - 5*h = -h + 5. What is the remainder when p is divided by c?
1
Let c = 494 + -274. Calculate the remainder when c is divided by 37.
35
Let m(s) be the third derivative of 19*s**4/24 - s**3/6 + s**2. Let g be m(-2). Let l = g + 67. Calculate the remainder when l is divided by 15.
13
Let w be 1 - (-5 + (-4 - -6)). Suppose -w*r + 5*r - 12 = 0. Calculate the remainder when 22 is divided by r.
10
Suppose f = 2*f - 4. Let s = f + 6. Calculate the remainder when 19 is divided by s.
9
Let j(z) = z**2 + 3*z + 4. Suppose 2*n - 47 = -5*u, 0 = -5*u + 30 - 5. Calculate the remainder when j(-7) is divided by n.
10
Calculate the remainder when 25 is divided by (-3 - -7)*(-14)/(-4).
11
What is the remainder when (39/2)/(15/30) is divided by 10?
9
Let u(w) = -2*w**2 - w - 7. Let a(q) = q**2 - q. Let d(c) = 4*a(c) + u(c). Let s be d(5). Calculate the remainder when 4 is divided by 4/s - (-25)/9.
1
Let k be ((-12)/5)/((-3)/50). Suppose 5*h + 5*c = 45, -3 - k = -4*h + 3*c. Calculate the remainder when h is divided by (9 - 0)*(-4)/(-6).
4
Let s = -27 + 37. What is the remainder when 25 is divided by s?
5
Suppose 0 = -2*l + 6*l - 16. Calculate the remainder when 17 is divided by (1/3)/(l/60).
2
Suppose 0 = -4*x + 5*x + 4*m - 6, -3*x - 2*m = 2. What is the remainder when (1 + 1)/(x/(-91)) is divided by 23?
22
Let n(f) = -f**2 - 9*f + 1. Let p be (-2 - 1)/((-9)/(-24)). Calculate the remainder when 34 is divided by n(p).
7
Let s = 67 - 61. Suppose -3*b - 42 = 4*t + 25, b - 3 = 0. Let i = -8 - t. What is the remainder when i is divided by s?
5
Suppose 2*m = -0*